f 64219?
6
What is the hundreds digit of 1575?
5
What is the units digit of 2199?
9
What is the units digit of 3466?
6
What is the tens digit of 164?
6
What is the units digit of 2469?
9
What is the hundreds digit of 1689?
6
What is the units digit of 9213?
3
What is the tens digit of 130521?
2
What is the units digit of 22135?
5
What is the units digit of 135?
5
What is the hundreds digit of 1022?
0
What is the ten thousands digit of 16079?
1
What is the hundreds digit of 12331?
3
What is the tens digit of 2623?
2
What is the units digit of 4045?
5
What is the units digit of 6579?
9
What is the tens digit of 2258?
5
What is the tens digit of 6223?
2
What is the tens digit of 6351?
5
What is the hundreds digit of 4678?
6
What is the thousands digit of 1004?
1
What is the tens digit of 30091?
9
What is the hundreds digit of 134348?
3
What is the ten thousands digit of 56112?
5
What is the hundreds digit of 730?
7
What is the tens digit of 3907?
0
What is the units digit of 9251?
1
What is the hundred thousands digit of 134582?
1
What is the hundreds digit of 74160?
1
What is the units digit of 2943?
3
What is the units digit of 46482?
2
What is the units digit of 540?
0
What is the tens digit of 1342?
4
What is the hundreds digit of 3111?
1
What is the units digit of 901?
1
What is the units digit of 10953?
3
What is the tens digit of 38?
3
What is the ten thousands digit of 39836?
3
What is the tens digit of 22347?
4
What is the tens digit of 7362?
6
What is the tens digit of 4091?
9
What is the thousands digit of 1203?
1
What is the units digit of 55068?
8
What is the tens digit of 814?
1
What is the thousands digit of 94743?
4
What is the units digit of 67?
7
What is the units digit of 3950?
0
What is the tens digit of 1656?
5
What is the ten thousands digit of 53898?
5
What is the hundreds digit of 3276?
2
What is the units digit of 33364?
4
What is the tens digit of 468?
6
What is the ten thousands digit of 35303?
3
What is the hundreds digit of 1808?
8
What is the hundreds digit of 78558?
5
What is the units digit of 2160?
0
What is the tens digit of 7826?
2
What is the units digit of 12322?
2
What is the tens digit of 69454?
5
What is the units digit of 954?
4
What is the ten thousands digit of 83949?
8
What is the hundreds digit of 1939?
9
What is the thousands digit of 13902?
3
What is the tens digit of 11923?
2
What is the hundreds digit of 10124?
1
What is the tens digit of 1262?
6
What is the units digit of 5706?
6
What is the tens digit of 1807?
0
What is the tens digit of 75731?
3
What is the thousands digit of 5453?
5
What is the tens digit of 537?
3
What is the tens digit of 4618?
1
What is the tens digit of 2623?
2
What is the hundreds digit of 5365?
3
What is the hundreds digit of 80454?
4
What is the hundreds digit of 4061?
0
What is the units digit of 4998?
8
What is the thousands digit of 47651?
7
What is the tens digit of 4873?
7
What is the ten thousands digit of 126379?
2
What is the tens digit of 103?
0
What is the ten thousands digit of 12973?
1
What is the hundreds digit of 2600?
6
What is the ten thousands digit of 11909?
1
What is the thousands digit of 8492?
8
What is the hundreds digit of 1064?
0
What is the thousands digit of 10640?
0
What is the thousands digit of 72287?
2
What is the ten thousands digit of 15154?
1
What is the tens digit of 543?
4
What is the thousands digit of 2767?
2
What is the units digit of 12498?
8
What is the hundreds digit of 756?
7
What is the tens digit of 12054?
5
What is the hundreds digit of 9585?
5
What is the hundreds digit of 192725?
7
What is the ten thousands digit of 139070?
3
What is the thousands digit of 7530?
7
What is the units digit of 4332?
2
What is the tens digit of 77536?
3
What is the thousands digit of 2361?
2
What is the thousands digit of 10069?
0
What is the units digit of 6492?
2
What is the units digit of 4580?
0
What is the thousands digit of 6323?
6
What is the units digit of 1433?
3
What is the units digit of 41036?
6
What is the hundreds digit of 5207?
2
What is the tens digit of 47479?
7
What is the tens digit of 1013?
1
What is the tens digit of 10119?
1
What is the units digit of 9562?
2
What is the units digit of 10717?
7
What is the units digit of 6386?
6
What is the thousands digit of 30580?
0
What is the thousands digit of 8635?
8
What is the thousands digit of 3605?
3
What is the units digit of 84444?
4
What is the ten thousands digit of 31279?
3
What is the thousands digit of 3099?
3
What is the units digit of 26094?
4
What is the units digit of 65?
5
What is the units digit of 770?
0
What is the tens digit of 831?
3
What is the hundreds digit of 744?
7
What is the thousands digit of 50979?
0
What is the ten thousands digit of 43040?
4
What is the hundreds digit of 699?
6
What is the tens digit of 1148?
4
What is the units digit of 3?
3
What is the hundreds digit of 5131?
1
What is the units digit of 6935?
5
What is the units digit of 1038?
8
What is the hundreds digit of 1158?
1
What is the units digit of 86?
6
What is the tens digit of 1226?
2
What is the tens digit of 4564?
6
What is the hundreds digit of 2872?
8
What is the thousands digit of 1276?
1
What is the tens digit of 24638?
3
What is the hundreds digit of 3452?
4
What is the units digit of 312?
2
What is the hundreds digit of 17919?
9
What is the tens digit of 1226?
2
What is the tens digit of 12883?
8
What is the hundreds digit of 2067?
0
What is the ten thousands digit of 111788?
1
What is the hundreds digit of 86328?
3
What is the units digit of 5916?
6
What is the tens digit of 1183?
8
What is the tens digit of 543?
4
What is the hundreds digit of 14743?
7
What is the ten thousands digit of 13856?
1
What is the tens digit of 1628?
2
What is the ten thousands digit of 69653?
6
What is the units digit of 677?
7
What is the ten thousands digit of 23105?
2
What is the thousands digit of 31372?
1
What is the units digit of 21337?
7
What is the hundreds digit of 1299?
2
What is the thousands digit of 13601?
3
What is the hundreds digit of 716?
7
What is the tens digit of 65339?
3
What is the hundreds digit of 21507?
5
What is the tens digit of 999?
9
What is the thousands digit of 1446?
1
What is the tens digit of 14618?
1
What is the hundreds digit of 5372?
3
What is the units digit of 66?
6
What is the hundreds digit of 571?
5
What is the units digit of 1719?
9
What is the tens digit of 623?
2
What is the ten thousands digit of 102778?
0
What is the ten thousands digit of 13180?
1
What is the units digit of 169412?
2
What is the tens digit of 46489?
8
What is the thousands digit of 2453?
2
What is the units digit of 1562?
2
What is the hundreds digit of 4473?
4
What is the thousands digit of 1369?
1
What is the hundreds digit of 981?
9
What is the units digit of 15225?
5
What is the thousands digit of 37353?
7
What is the tens digit of 58920?
2
What is the tens digit of 10052?
5
What is the hundreds digit of 1557?
5
What is the units digit of 21758?
8
What is the units digit of 603?
3
What is the units digit of 48696?
6
What is the hundreds digit of 18146?
1
What is the units digit of 16?
6
What is the units digit of 624?
4
What is the tens digit of 8278?
7
What is the units digit of 1659?
9
What is the units digit of 2356?
6
What is the units digit of 97173?
3
What is the thousands digit of 48340?
8
What is the units digit of 1000?
0
What is the hundred thousands digit of 102565?
1
What is the tens digit of 12532?
3
What is the thousands digit of 6340?
6
What is the units digit of 1137?
7
What is the thousands digit of 4503?
4
What is the hundreds digit of 1664?
6
What is the hundreds digit of 486?
4
What is the tens digit of 52285?
8
What is the hundreds digit of 32603?
6
What is the tens digit of 24829?
2
What is the thousands digit of 1878?
1
What is the tens digit of 664?
6
What is the tens digit of 283?
8
What is the hundreds digit of 4547?
5
What is the hundreds digit of 7765?
7
What is the tens digit of 40562?
6
What is the ten thousands digit of 22834?
2
What is the hundreds digit of 353?
3
What is the units digit of 2919?
9
What is the tens digit of 5148?
4
What is the hundreds digit of 55634?
6
What is the units digit of 1607?
7
What is the hundreds digit of 2090?
0
W